+ 4*s - 22 + 67 = 0, 0 = 4*v - s - 240. Let k = 59 - v. What are the prime factors of k/(((-18)/(-453))/(-3))?
151
Let j be ((-28)/(-7))/(20/45). Let k(w) = 10*w**2 - 13*w - 18. What are the prime factors of k(j)?
3, 5
Suppose -4*f = 8*x - 445112, -x - f + 222548 = 3*x. List the prime factors of x.
3, 5, 3709
Suppose 2*o - 6*o + y = 62, 4*o + 4*y + 52 = 0. Let m = o - -76. What are the prime factors of m?
61
Let y(j) = -2*j**2 + 56*j - 22. Suppose 3*z = 5 + 64. What are the prime factors of y(z)?
2, 13
Suppose 78*q = 215276 + 148516. What are the prime factors of q?
2, 11, 53
Let h(j) = -j**3 + 18*j**2 - 50*j + 6. Suppose -5*v + 45 = 3*p + 2*p, 2*v = -p + 19. List the prime factors of h(v).
2, 3, 17
Suppose -68151 - 98431 - 13193 = -75*n. List the prime factors of n.
3, 17, 47
Suppose -7*y - 1348 = -3*y. Let v = 590 + y. What are the prime factors of v?
11, 23
Suppose 4*w + 7952 + 1508 = 0. Let x = -653 - -655. What are the prime factors of w/(-15) - x/3?
157
Suppose 5*i - 4*i - 475 = 5*p, -3*i + 1461 = -3*p. Suppose -42*k + i = -35*k. List the prime factors of k.
2, 5, 7
Let y(c) be the third derivative of -87*c**4/8 - 37*c**3/6 - 4*c**2 + 2*c. What are the prime factors of y(-2)?
5, 97
Let k(l) = l**2 + 12*l + 3. Let j be k(12). Let p be j + (-14)/6 + (-7)/(-21). Let c = -62 + p. What are the prime factors of c?
227
Suppose 0 = -3*q - 2*y + 62, 2 = q - 4*y - 0. Let u(j) = j**3 - 15*j**2 - 12*j + 4. Let c be u(q). List the prime factors of c/(-30)*(-6)/4.
2, 19
Let z be (5/10)/1*2. Let o be (3 + (z - 4))*1. Suppose -2*k = -7*k - h + 778, o = -4*h - 8. What are the prime factors of k?
2, 3, 13
Let g(h) = 37*h**2 + 4*h - 67. Let d = 207 - 202. What are the prime factors of g(d)?
2, 439
List the prime factors of ((-195573)/63)/((-1)/3).
67, 139
List the prime factors of 140/(-20) + 20349/3.
2, 7, 11
Let d = 8034 + 13350. List the prime factors of d.
2, 3, 11
Let g(m) = -176*m + 2. Let j be g(7). Let o = -875 - j. What are the prime factors of o?
5, 71
Suppose 20*g = -2*g - 59*g + 5000130. What are the prime factors of g?
2, 5, 6173
List the prime factors of 1208779/130 - 15/50.
2, 4649
Let s = 295 + -403. What are the prime factors of (0 + 1478/(-3))*s/72?
739
Let p be 2/(-8) + (-8 - 77979/(-44)). Let m = p + -999. List the prime factors of m.
3, 5, 17
Let m = 41422 + -28922. Suppose 109*l + m = 119*l. List the prime factors of l.
2, 5
Let k(o) = 364*o - 40. Let f(z) = -2*z + 1. Let m(j) = -6*f(j) + k(j). List the prime factors of m(3).
2, 541
Suppose -14*j + 57 = -13. Suppose -2324 = -4*a - 4*l, 2*a + j*l + 1197 = 4*a. List the prime factors of a.
2, 293
Let m(g) = 1683*g**3 + 25*g**2 - 24*g - 7. Let q(z) = 561*z**3 + 9*z**2 - 8*z - 3. Let k(p) = 4*m(p) - 11*q(p). What are the prime factors of k(1)?
13, 43
Let v = -58054 - -124345. What are the prime factors of v?
3, 19, 1163
Suppose 3*a - 98889 = -3*f, 2*a + 5*f - 27376 = 38538. What are the prime factors of a?
3, 11, 37
Let v = 38 + -38. Suppose v = 41*w - 42*w + 4. Suppose 0*d - 292 = -w*d. List the prime factors of d.
73
Let x be 3 - ((-1)/(-3))/((-8)/(-24)). Let m(t) = -19*t + 2. Let z be m(-1). Suppose 5*n = -4*s + 555, -x*n = -3*s + z - 220. What are the prime factors of n?
107
Suppose 0 = 8*j - 8587 - 1261. Let q = 3763 - j. Suppose -4*n + 16*n - q = 0. List the prime factors of n.
211
Let p(a) = a**2 + 15*a + 14. Suppose 0 = -4*v - 3*v + 7. Suppose -3*k + v = -i - 13, 5*i + 90 = 5*k. List the prime factors of p(i).
2, 3, 19
Suppose 32*l + 43514 + 49894 = 46*l. What are the prime factors of l?
2, 3, 139
Let q = 33447 + -22040. List the prime factors of q.
11, 17, 61
Let o(z) = -427*z + 854. List the prime factors of o(-4).
2, 3, 7, 61
Suppose d - 5*y - 17471 = 0, -d + y = -28777 + 11322. List the prime factors of d.
3, 7, 277
Let v be (657/6)/(21/56). Let r = v + 279. List the prime factors of r.
571
Suppose -p - 3*x = 2*x + 4, p - 16 = -x. Suppose 0 = 3*q - 2*n - 18, 19 = q - 13*n + 8*n. Let h = q + p. List the prime factors of h.
5
Suppose 4*b + 53 = 5*c, -5*c - b + 16 = -3*c. Let y = c - 15. What are the prime factors of -22*(y/(-4) + -2)?
11
Suppose 456*g - 393*g - 4168962 = 0. List the prime factors of g.
2, 3, 41, 269
Let r be (-225 - 1)*3/(-6). Suppose 7*p + r = 687. What are the prime factors of p?
2, 41
Suppose -1430 = -8*u + 586. Suppose u = 3*r - 975. List the prime factors of r.
409
Suppose -9*b - 1989 - 1314 = 0. Let t = b + 969. What are the prime factors of t?
2, 7, 43
Suppose -5628 - 2928 = -4*h. What are the prime factors of h/30 + 33/(-110)?
71
Let f(i) = -54*i - 19. Let s(k) = -k**2 + 9*k + 18. Let x be s(-2). What are the prime factors of f(x)?
197
Suppose 5*v + p = 18, -10*v + 5*v = -5*p - 30. Suppose -4*t + 1956 = -3*q, -1956 = -v*t - 8*q + 5*q. List the prime factors of t.
3, 163
Suppose 101*u + 357228 = 137*u. What are the prime factors of u?
9923
Suppose -37*u - 24*u + 55266 = 0. Let z = -517 + u. What are the prime factors of z?
389
Let o = -1002 - -1008. Suppose -4*x = 3*j - 6260, o*j = 9*j + 2*x - 6250. List the prime factors of j.
2, 5, 13
Let j(q) be the second derivative of -1/4*q**4 + 7/3*q**3 - 7/2*q**2 + 23*q - 1/20*q**5 + 0. What are the prime factors of j(-7)?
7, 13
Let u(g) = g**2 - 2*g + 2. Let f be u(2). Suppose y - 6 - f = 0. Suppose 0 = -y*x + 646 + 146. List the prime factors of x.
3, 11
Let q be (8/(-18))/((-30)/22005) + -6. Suppose 30 = d + 3*d + 5*b, 2 = d + 4*b. Suppose -2*p - q = -d*p. List the prime factors of p.
2, 5
Let x be 33/18 - (-3)/18. Suppose 4*u - 214 = -5*c, -u - c = x*c - 50. Suppose -5*j - u = -191. What are the prime factors of j?
3
Suppose -20960 = -3*y + 2*y - 2029. What are the prime factors of y?
11, 1721
Let v = -125 + -40. List the prime factors of (60/(-9)*-1)/((-2)/v).
2, 5, 11
Suppose 723997 = 95*k - 70916 - 1856822. What are the prime factors of k?
103, 271
Let y(d) be the first derivative of 617*d**4/4 - d**2 + 3*d + 88. List the prime factors of y(1).
2, 3, 103
Let i be 1 + 6 + -2 + -2. Let l(x) = -x**2 + 2*x + 12. Let j be l(-2). Suppose 2*o - 2*q = j*o - 224, 2*o - 226 = -i*q. List the prime factors of o.
2, 5, 11
Let r(k) = 707*k**2 + 15*k - 63. List the prime factors of r(6).
3, 19, 149
Suppose -4*i + 878 = -3*i. Suppose -n + 254 = -2*x - 201, 2*n - i = -4*x. List the prime factors of n.
3, 149
Suppose -342*x = -337*x + 45. What are the prime factors of 238/(-2)*18/x?
2, 7, 17
Suppose -4*g - 5*m = g - 20, m = g. Suppose g*b + 3*d = b + 294, b - 5*d - 270 = 0. List the prime factors of b.
3, 5, 19
Suppose -208*l + 196*l + 24528 = 0. What are the prime factors of l?
2, 7, 73
Let w be 23 + (-2)/(-6)*18. Suppose -w*h + 86 = -5163. List the prime factors of h.
181
Let h(o) = 7*o**2 + 15*o - 828. What are the prime factors of h(45)?
2, 3, 19, 41
Suppose 97*k = 15868 + 20507. List the prime factors of k.
3, 5
Let q = 76329 - 35558. What are the prime factors of q?
40771
Let d = -26 + 41. Suppose -d*f + 979 = -2321. What are the prime factors of f?
2, 5, 11
Suppose 0 = -21*d + 6*d + 195. List the prime factors of d + ((-20)/6 - (-88)/66).
11
Suppose 144*m - 2*c = 148*m - 274724, 5*c + 343405 = 5*m. List the prime factors of m.
173, 397
Suppose 3*p - 689 = -5*v, -2*p - 3*p = 5*v - 685. Let q = v + -371. List the prime factors of q/(-13) + 4/26.
2, 3
Suppose -4*u - 3*y = -30749, 541*u + 4*y = 540*u + 7684. List the prime factors of u.
2, 31
Let p = -994 + 20757. Suppose 49*w = p + 62949. List the prime factors of w.
2, 211
Let z(q) = -48*q - 1. Let n be z(-1). Suppose -n*o + 726 = -44*o. List the prime factors of o.
2, 11
Suppose -5*d = 2*p - 37 + 7, -3*d = -4*p + 8. Suppose -16 = -p*w - 3*t, -2*t = -3*w + 3 - 1. List the prime factors of 40/3*108/20*w.
2, 3
Let f(o) = -327*o - 14 + 4 - 4 - 15*o. List the prime factors of f(-1).
2, 41
Suppose -5*z + 3*m = -101, 8*m = 4*z + 13*m - 103. Let b(a) = 56*a - 179. What are the prime factors of b(z)?
3, 13
Suppose u - a = 39408, -9*a + 157697 = -28*u + 32*u. What are the prime factors of u?
11, 3583
Let v(s) = -7170*s + 10255. What are the prime factors of v(-5)?
5, 9221
Suppose -102*n + 564241 = 83*n + 18121. What are the prime factors of n?
2, 3, 41
Let q(z) = 43*z. Let v be q(9). Suppose -3*f + v = -402. What are the prime factors of f?
263
Let k(u) = u + 1. Let i(f) = 